 2148. Determine u(t).
-53
Let w(o) = -19*o + 16. Let b be (-1808)/2260 + 3/5 + (-58)/10. Calculate w(b).
130
Suppose -2*f + 68 = -3*q, 5*q + 155 = -1416*f + 1411*f. Let u(n) = n**2 + 28*n + 57. Give u(q).
5
Let m = 22 + -18. Suppose 0 = 5*n + m - 9. Let w(q) = -32*q**3 + 46*q**3 + q - 10*q**3. Give w(n).
5
Let a(f) = -f**2 - 32*f - 76. Let m be a(-29). Let q(c) = 0*c - c**3 - m + 19*c**2 + 8*c**2 - 33*c**2 + 5*c. Give q(-7).
3
Let s(z) = 17*z + 3. Let l(k) = -9*k - 1. Let q(v) = 5*l(v) + 2*s(v). Let p = 60 - 50. Suppose -8*n + 2 = -p*n. Determine q(n).
12
Suppose -12 = 4*k - c - 3*c, 3*c - 13 = 5*k. Let v be (3/5)/(k/(-10)). Let d(j) = -j**2 + 4 + 4*j**2 - 13547*j**3 - 4*j + 13548*j**3 - 5*j**2. Determine d(v).
1
Let w(x) be the first derivative of -x**6/120 + 2*x**5/15 - 7*x**4/24 + x**3/2 - 99*x**2/2 - 9. Let v(h) be the second derivative of w(h). Give v(7).
3
Suppose 0 = 278*h - 279*h + 131. Let f = -136 + h. Let o(r) = 2*r + 7. What is o(f)?
-3
Suppose 3*w + 5*d - 78 + 24 = 0, 4*w - 3*d = 101. Suppose -w = -3*b - 35. Let g(r) = -34*r**2 + 5*r + 5 + 35*r**2 - 2*r. What is g(b)?
9
Let f be -7 - (0/(-5) + 1). Let c(d) be the first derivative of -3*d**2/2 - 17*d - 101. Give c(f).
7
Let r(q) = 3*q**3 - 10*q**2 - 11*q + 12. Let j(m) = -13*m**3 + 40*m**2 + 43*m - 47. Suppose -8*i + 52 - 68 = 0. Let o(h) = i*j(h) - 9*r(h). Calculate o(11).
8
Let g(c) = 7*c + 4. Suppose -4*p - w - 68 = -p, 2*p + 36 = 4*w. Let b = p + 25. What is g(b)?
25
Let w be (-3)/((-3)/(-1)) - 1*(-2 + -8). Let x(f) = 2*f**3 + 7*f**2 - 10*f + 7. Let v(k) = -k**3 + k**2. Let b(t) = 3*v(t) + x(t). Give b(w).
-2
Let m(p) = -p**3 + p**2 + 2*p - 1. Let k(y) = y**3 - 8*y**2 + 6*y + 3. Let r be k(7). Let i(a) = -3*a**3 + 6*a - 11. Let u(t) = r*m(t) + i(t). What is u(5)?
8
Let u(d) = -2*d - 2. Let h be 6/4*(-6)/(-9)*2. Let t = 28 - h. Suppose -13*a = t + 13. Give u(a).
4
Let j(l) = -7*l + l**3 - 192 + 358 - 171 - 9*l**2. Calculate j(10).
25
Let j(s) = -12 + 2*s - 2 + 4 + 1. Let i = 57 - 115. Let r = i + 64. Calculate j(r).
3
Let q = -15541 - -15534. Let h(b) = 2*b**2 + 18*b + 17. Give h(q).
-11
Let v be 11/(((-2783)/(-22))/23). Let d(p) = -49*p + 1. Calculate d(v).
-97
Let x = -5 + 3. Let g(v) be the third derivative of 0 - 1/60*v**5 + 0*v**3 + 0*v - 1/12*v**4 - 37*v**2. Give g(x).
0
Let k(y) = 6*y**2 + 45*y + 201. Let p(a) = 4*a**2 + 30*a + 140. Let x(o) = 7*k(o) - 10*p(o). Let h be (-22)/3 + 1/3. Determine x(h).
0
Let j(g) = 7*g**3 + 4*g**2 + 3*g. Let b(y) = 3*y**2 - 153*y + 1619. Let z be b(36). What is j(z)?
-6
Let k(w) = -780 + 5876*w - 5879*w + 747. Determine k(-14).
9
Let l(u) = 213 - 409 + 64*u + 205 + 89*u - 190*u. What is l(2)?
-65
Let y(s) be the first derivative of -5*s**2/2 + 25*s - 47. Let x be -1*(-26)/(-2) + 2. Let q(t) = -t + 5. Let l(w) = x*q(w) + 2*y(w). Give l(8).
3
Let i(b) = -b**3 + 7*b**2 + 1. Suppose 5*p - 4*v = -6*v + 7, 4*p + 4*v + 4 = 0. Suppose 0 = 3*c + c + 5*t - 8, -p*t + 16 = 4*c. Determine i(c).
1
Let f(a) = -444*a + 238. Let j(d) = 1916*d - 953. Let c(g) = 26*f(g) + 6*j(g). Calculate c(10).
-10
Let z(k) be the first derivative of -k**4/12 - k**3 + 59*k - 60. Let x(o) be the first derivative of z(o). Calculate x(-3).
9
Let v(r) = -161*r + 19 - 26 + 15 + 168*r. Calculate v(-4).
-20
Let p be ((-4)/(-2))/(-1 - -3). Let i be (p - (-1)/1) + 0. Let b(o) = -2*o - 3. Let x(a) = 11*a + 17. Let t(f) = -6*b(f) - x(f). Calculate t(i).
3
Let g be 2 + (-49 - (-63)/(-7)). Let h be (4*126/g)/(-3*1). Let d(q) = -5*q + 9. Determine d(h).
-6
Let o(k) = -k - 2. Suppose -4*b = a + 4 - 19, 3*a - 9 = -3*b. Let v be (-1)/b + (-187)/(-44). Suppose -16 = -v*w - 0*w. Give o(w).
-6
Let m(g) be the second derivative of g**5/60 + 3*g**4/8 - 13*g**3/6 + 33*g**2/2 + 25*g. Let s(j) be the first derivative of m(j). Calculate s(-11).
9
Let p = -115644 - -115649. Let f(c) be the third derivative of -c**5/60 + c**4/4 - c**3/3 - c**2. Give f(p).
3
Let b be 1/((-13)/(-10))*-5 + 6/(-39). Suppose -2*r + 50 = -n + 2*n, 3*r = -2*n + 77. Let j(h) = -r + 19 - 2*h**2 + 3*h - 5*h**3 + 4*h**3. Calculate j(b).
16
Let r be ((-2)/4)/((-2)/28). Let c(i) = i**3 + i**2 + 5*i + 2. Let n(f) = -4*f**3 + 4*f**2 - 15*f - 16. Let k(w) = 3*c(w) + n(w). Give k(r).
-10
Let z(o) be the second derivative of 1/6*o**3 - 16*o + 0*o**2 + 0. Suppose 0*n + 24 = 4*n. Calculate z(n).
6
Let v(o) = -2*o - 4. Let g be -1 + 1 + (12 - 10). Let x be 43 + g + 3 + -1. Suppose -x*c + 25 = -52*c. Calculate v(c).
6
Let f(u) be the second derivative of -u**6/720 + 3*u**5/40 + u**4/3 + u**3/2 + 2*u - 11. Let g(w) be the third derivative of f(w). Give g(11).
-2
Let y be 10/((-6)/8*(-440)/132). Let x(p) be the third derivative of -3/8*p**y + 1/60*p**5 + 7/6*p**3 + 0*p - 28*p**2 + 0. Determine x(9).
7
Let o(n) = 2*n - 7. Let x be o(5). Let d = -2 + x. Let u(r) = r**2 - 71*r - 1. Let l(f) = -4*f**3 - 5*f**2 + 427*f + 5. Let h(y) = -l(y) - 6*u(y). What is h(d)?
3
Let j(z) = -549*z + 548*z + 4 - 6*z**2 - 2 + z**3. Let b(i) = i**3 - 5*i**2 + 1. Let p(d) = 3*b(d) - 2*j(d). Calculate p(4).
23
Let l(k) = -10 + 4*k**3 - 37*k**2 - 41*k**2 - 39*k**2 + 11*k - 3*k**3 + 105*k**2. Calculate l(11).
-10
Let y(j) be the first derivative of j - 1/3*j**3 - 61 - 1/2*j**2. What is y(1)?
-1
Let x(l) = -3*l**3 + l**2 + 2*l + 5. Let j(z) = -19*z**3 + 14*z**2 + 14*z + 40. Let s(w) = j(w) - 6*x(w). Calculate s(8).
26
Let z(r) be the first derivative of -1/4*r**4 - 2/3*r**3 + 12 + 2*r**2 + 2*r. Let v be (-13)/2 - -2 - 99/(-66). Determine z(v).
-1
Let w(v) be the second derivative of 1/3*v**3 - 11/2*v**2 + 0 + 1/12*v**4 + 31*v. Give w(-5).
4
Let u(l) = 6*l**2 + 17*l - 17. Let j(p) = 4*p**2 + 12*p - 12. Let v(a) = 7*j(a) - 5*u(a). Calculate v(-2).
-5
Let t(r) be the second derivative of r**5/20 - r**4/6 + r**2/2 + 1941*r. Calculate t(-1).
-2
Suppose -2*b + 11 = -3*c, -4*b + 5*c - 4*c + 7 = 0. Suppose -r + 2 = -b. Let t(a) = a**2. Give t(r).
9
Suppose 25*t = 26*t, 2*t - 36 = 4*y. Let z(o) = -o**3 - 7*o**2 + 21*o - 4. Determine z(y).
-31
Let t be (-2)/(-6) + 57/(-9). Let k(s) = s**3 + 231*s + 5 + 6*s**2 + 2 - 2 - 2 - 228*s. Give k(t).
-15
Let h(n) be the third derivative of n**6/120 + n**5/10 - 11*n**4/24 - 12*n**3 - 1270*n**2. Give h(-6).
-6
Let t(o) be the third derivative of 0 - 1/60*o**5 - 3*o**3 + 1/24*o**4 + 40*o**2 + 0*o. Determine t(0).
-18
Let m(x) = -3*x**3 + x**2 - 2*x + 1. Let o be -8 + (-3 - -7) + 1 + 4. Determine m(o).
-3
Let v(a) = -304*a - 1518. Let n be v(-5). Let y(z) = -z**3 + 11*z**2 - 9*z + 2. Let h be y(10). Let s(l) = -9*l**2 + h*l**2 + l + 3 - 4*l. What is s(n)?
9
Let v(f) = f**3 - 10*f**2 + 9*f + 1. Suppose 4*b - 19 + 91 = 0. Let y = -26 - b. Let q be (y - 10)*2/(-4). Give v(q).
1
Let b(i) be the third derivative of 5*i + 0 - 1/3*i**3 - 3*i**2 + 1/8*i**4. What is b(7)?
19
Suppose -32 + 44 = -4*n. Let m be 24/32 - (369/12)/n. Let q(c) = c - 5. Calculate q(m).
6
Let m(w) = -w - 1. Let o(k) = -5*k + 9. Let f(d) = -2*m(d) + o(d). Let t(a) = -a + 4. Let b(s) = 3*f(s) - 10*t(s). Determine b(8).
1
Let g(v) = -8*v**2 + 72*v - 2. Let m(s) = 9*s**2 - 98*s + 4. Let o(k) = -4*g(k) - 3*m(k). Give o(2).
28
Let h be -2 + (-1)/3*-6. Suppose h = -z - 0*z. Let f be z + 0*3/(-12). Let d(x) = -x**2 + x - 5. Determine d(f).
-5
Let q = -4 - -8. Let o(d) = -1852*d**2 + 5554*d**2 + 3*d + 0*d - 1852*d**2 - 16 + 21 - 1851*d**2. Determine o(q).
1
Let z be (-54 - -6)/(-4) + -2. Let n(f) = -z - 10 + 13 + f. Suppose 5*t - 18 - 22 = 0. Give n(t).
1
Let r(v) be the first derivative of v**2 + 2*v - 384. Calculate r(-7).
-12
Let f(u) = 105*u - 1576. Let y be f(15). Let o(c) = -16*c**2 - 6*c**3 - 2 + 17*c**2 - c**3 - c. What is o(y)?
7
Let h(q) = 3*q + 1. Let c = -23 - -30. Suppose -4 = r - c. Suppose -46*y + r = -45*y. Calculate h(y).
10
Let l(g) = -2 + 2*g + 0*g**2 - 3*g + g**2. Suppose -m = -3*m + 4. Suppose 12 - 8 = m*h. What is l(h)?
0
Let p = 0 + -1. Let n(t) be the first derivative of -3*t**2/2 + 77111. Give n(p).
3
Let u = 100 + -86. Let n(x) = u + x - 24 + x**2 - 5*x - x. Give n(7).
4
Let l(h) = h - 1 + 3 + 5 - 3. Suppose -28*d - 4 = -30*d. Suppose -18 = 4*q - d*i, -i - i + 10 = -2*q. Determine l(q).
0
Let t(q) = -49*q + 25*q - 12 + 60 + 28*q. Calculate t(-13).
-4
Let w(q) = 25*q**3 - 10*q**2 + 654*q - 652*q - 26*q**3 + 21. Give w(-10).
1
Let b = -302 + 299. Let j(k)